et f = -772 - i. What are the prime factors of f?
337
Suppose 0 = -4*k + 3*v + 549, 3*k = -5*v + 209 + 210. List the prime factors of k.
2, 3, 23
Suppose 2*o = 9*o - 140. Suppose -o = 5*m, 4*m - 1055 = 2*j - 5*j. Suppose -10*f + j = -1463. List the prime factors of f.
2, 7, 13
Suppose -2*b + 9616 - 2997 = w, -3*b - 33095 = -5*w. List the prime factors of w.
6619
Suppose 0 = -1054*j + 1048*j + 46332. What are the prime factors of j?
2, 3, 11, 13
Suppose -3*o + 1113 + 17469 = 0. List the prime factors of o.
2, 19, 163
Suppose 5*s = 0, -3*k - 52 = k + 5*s. Let b be 2*((-375)/6 + -3). Let n = k - b. List the prime factors of n.
2, 59
Suppose 7*y - 10*y = 9. Let j(u) = 6*u**3 - 2*u**2 - u - 1. Let r be j(y). Let a = -37 - r. What are the prime factors of a?
3, 47
Suppose -y + 0*y = -2*u + 494, -233 = -u - 3*y. Let l = 765 - u. List the prime factors of l.
2, 5, 13
Let m = -5491 - -24357. What are the prime factors of m?
2, 9433
Let i = 63038 + -42746. List the prime factors of i.
2, 3, 19, 89
Suppose -4*o + p + 2 = -23, o = -2*p - 5. Suppose -11*l = o*l - 4800. List the prime factors of l.
2, 3, 5
Suppose 0 = -5*d + 147 - 232. List the prime factors of -4 - d/(85/2240).
2, 3, 37
Let a = -10297 - -16598. List the prime factors of a.
6301
Let s(u) = 40*u**2 + 114*u + 833. List the prime factors of s(-8).
3, 827
Suppose 50*s - 153100 - 159624 - 79926 = 0. What are the prime factors of s?
7853
Let f(k) = -1312*k - 4032. List the prime factors of f(-17).
2, 571
Let j be 1 + (160 + 0)/2. Let q = -3458 + 3406. Let d = j + q. List the prime factors of d.
29
What are the prime factors of (-80)/280 - (-91844)/14?
2, 5, 41
Let l be (0/(-1))/(-3 + 4). Suppose l = -3*g - 2*g + 340. List the prime factors of (g/6)/((-6)/(-36)).
2, 17
Suppose 4*n - 1 + 5 = 0, 10999 = 5*y + n. Suppose 0 = 5*c + 5*d - y, 2*c + 5*d = 1328 - 433. List the prime factors of c.
3, 5, 29
Let c be (6 + 57/(-9))*-1572. Suppose 0 = 2*p - 0*p + 5*j - c, -4 = j. What are the prime factors of p?
2, 17
Let l(m) be the third derivative of m**5/30 + 5*m**3/3 - 14*m**2. Let j be l(7). Suppose -o - h = -j, 0 = 4*o - 5*o + 4*h + 98. List the prime factors of o.
2, 53
Let j be 12/126 + 166/21. Suppose -j*o = 20 + 4. What are the prime factors of (-157)/(-1) - (-1 - o/1)?
5, 31
List the prime factors of -11 + 3500/12 - (-5)/15.
281
Let q = -218 + 511. Suppose -243 = -2*i + q. List the prime factors of i.
2, 67
Let o be (3 - -1)/(-4*(-1)/6). Suppose 34 - o = 14*t. Suppose t*v = -5*z + 644 + 561, 3*z + 5*v = 704. List the prime factors of z.
3
Let k be 14/5 - (6 + 124/(-20)). Suppose 0*w + 48 = -2*w - 4*v, -w + k*v - 19 = 0. What are the prime factors of 6559/77 + 4/w?
5, 17
Let h be (-785)/9 - (-6)/27. Let j = -87 - h. Suppose -4*r + 151 + 353 = j. What are the prime factors of r?
2, 3, 7
Let o be ((-1521)/18 + -4)*(-42)/(-9). Let n = o - -972. List the prime factors of n.
13, 43
Let r = 24 - 19. Suppose 2*k + 2*i - 3236 = 0, i + 2*i + 8106 = r*k. What are the prime factors of k?
2, 3, 5
Suppose 29 = 5*v - 2*s, -s - 4*s = 2*v. List the prime factors of ((-14)/3 + v)*909.
3, 101
Let b = 0 + 4. Suppose b*g + 2*i - 1 = 23, g = 5*i + 28. List the prime factors of g.
2
Let q be (-6)/(-27) + (-75976)/(-9). Suppose -29*z + q = -8*z. What are the prime factors of z?
2, 3, 67
Let a = 3137 + -9853. What are the prime factors of 6 - a/(4 + 0)?
5, 337
Let d(a) = 37*a**2 - 370*a - 6175. What are the prime factors of d(-17)?
2, 7, 193
Let h(q) = -q**2 - 2*q + 8. Let k be h(10). Let c = 288 + k. Suppose 5*d - 62 - 188 = 2*l, -4*l = 3*d - c. What are the prime factors of d?
2, 13
Let v = 3609 - -963. List the prime factors of v.
2, 3, 127
Let m(d) = -d**3 + 9*d**2 + 6*d - 14. Let x = -6 - -1. Let c(t) = -t**3 + 8*t**2 + 5*t - 13. Let i(s) = x*m(s) + 4*c(s). List the prime factors of i(14).
2, 37
Let g(m) = m**2 - 5*m + 3. Let z be g(5). Suppose -z*p - 4*c + 64 = 2*p, 0 = p - 5*c - 7. Suppose -14*h + p*h + 82 = 0. What are the prime factors of h?
41
Suppose -2*s + 25314 = -2*f, 18*s - 16*s = 4*f + 25324. What are the prime factors of s?
2, 3163
Suppose 171*p - 2703301 = -286558. List the prime factors of p.
3, 7, 673
Suppose 4*o - 3*l = 32 + 8, 5*l = -20. Suppose o*j - 8*j = -2. What are the prime factors of (-1)/(j*(-3)/(-366)*-1)?
61
Let b(x) = -x - 49. Let s be b(-40). List the prime factors of (-18)/(-6)*s/((-27)/70).
2, 5, 7
Let s = 2433 - 2438. Let p(g) = -17 - 4*g - 2*g - 4*g. List the prime factors of p(s).
3, 11
What are the prime factors of ((-18144)/20)/(-8 + 117/15)?
2, 3, 7
Let w = -199 - -202. Suppose w*o - 700 = 2*x, -o - x = 9 - 249. List the prime factors of o.
2, 59
Suppose -10*w - 32*w = 20*w. Let j be (5/(-2))/(2/(-4)). Suppose w = 2*o - j*t - 157, 4*o - 3*t - 269 = -2*t. What are the prime factors of o?
2, 3, 11
Suppose -4 = 4*p, -18 = -i - 4*i - 2*p. What are the prime factors of (7482/i)/3 + (-5)/10?
7, 89
Let t(b) be the first derivative of 15*b**3 + 5*b + 16. Let x be t(-2). Let v = x + 40. What are the prime factors of v?
3, 5
Let v = 246 - 242. Suppose -h - 377 + 43 = -4*o, -v*h = -4*o + 328. What are the prime factors of o?
2, 3, 7
Suppose -6*p = -5*q - 2*p + 133, 0 = -2*q - 5*p + 40. Suppose 50*t - 82*t - 384 = 0. Let i = q + t. What are the prime factors of i?
13
Let c = -210 - -246. Suppose -d = -1, 3*m - c*d - 421 = -37*d. List the prime factors of m.
2, 5, 7
Suppose -4*o - 8301 - 4765 = -2*i, -2*i + 13073 = 3*o. List the prime factors of i.
5, 1307
Let r = 65010 + -36551. List the prime factors of r.
149, 191
Suppose -2*x = 5*n - 254 - 89, 2*x + 2*n - 346 = 0. Let q = 388 - x. List the prime factors of q.
2, 107
Let b(f) = -294 + 292 - 14*f - 121*f. List the prime factors of b(-4).
2, 269
Let h(x) = -13433*x + 3693. What are the prime factors of h(-3)?
2, 3, 13, 47
Suppose -79*u - 100078 + 877280 = 0. What are the prime factors of u?
2, 4919
Let t(z) = -357*z - 1970. What are the prime factors of t(-32)?
2, 29, 163
Let u(a) = 8*a**2 - a**3 + 7*a + 0*a**2 - 12 + 0. What are the prime factors of u(6)?
2, 3, 17
What are the prime factors of 52/26 + (5 - (-29498 - 7))?
2, 7, 17, 31
Suppose 0 = -6*w - 232 - 566. Let u = 1408 + w. List the prime factors of u.
3, 5, 17
List the prime factors of (-365757)/63*-9 - -14.
5, 10453
Let y(c) = 2*c**3 - 16*c**2 - 30*c + 30. Let x be y(16). Let q = -2191 + x. What are the prime factors of q?
3, 5, 97
Suppose 3*l + 112 = i, 3*i - 25 = -31. Suppose 92 + 114 = 2*d. Let x = l + d. What are the prime factors of x?
5, 13
Let v(a) be the first derivative of a**5/15 - 3*a**4/8 - 4*a**3/3 - 21*a**2 - 24. Let h(w) be the second derivative of v(w). What are the prime factors of h(7)?
5
List the prime factors of (1701/(-14))/((-9)/960).
2, 3, 5
Suppose 45 = 8*k - 11. Suppose 6688 = -k*h + 23*h. What are the prime factors of h?
2, 11, 19
Let d = -348 - -349. Suppose v - 3*s - 9 = 0, -d = v + 2*v + 5*s. List the prime factors of v.
3
Let o(k) = 126*k - 459. Let a be o(4). Suppose -4*t + 6 = -42. Let s = a - t. What are the prime factors of s?
3, 11
Let q = 6710 - 3169. What are the prime factors of q?
3541
List the prime factors of 9478 - 3*6/27*-3.
2, 3, 5, 79
Let p(b) = 9*b**3 - b - 1. Let f be p(-1). Let u be f + (-3*2/3 - -4). What are the prime factors of 6 + (-867)/u - (-2)/14?
2, 5, 13
Let v(j) = 5853*j - 2000. List the prime factors of v(3).
15559
Let m(i) = -16*i**2 + 25*i**3 + 2*i - 7 - 26*i**3 + 2*i**2. Let j be m(-14). List the prime factors of 0 + (-255)/j - 4/14.
7
Suppose -3*n - 16 = -5*h + 1, -5*n = 3*h - 17. Let y be (4/2 - -14)*h. Suppose -4*p = -3*r - 139, 5*p - 2*r - y - 115 = 0. What are the prime factors of p?
37
Let w = 4985 + -2816. What are the prime factors of w?
3, 241
Let n(b) = b**3 + 3*b**2 - 2*b + 5. Let m be n(-4). Let q(o) = -99*o + 3. What are the prime factors of q(m)?
2, 3, 5
Let w = 860 + -856. Suppose 4*j + o = 11, 0 + 5 = -o. Suppose 3*n + p = 304, w*p + 138 = j*n - 278. What are the prime factors of n?
2, 3, 17
Let f(a) = -a**3 - a**2 - 7*a + 8. Let q be f(5). Let c be (q + 11)/(-2 - 6/(-4)). Suppose -2*s + c = 104. List the prime factors of s.
2, 3, 19
What are the prime factors of (-1*2910)/(35/((-2520)/54))?
2, 5, 97
Let b = 473 + -466. Suppose -b*t + 956 = -213. What are the prime factors of t?
167
Let y = -761 + 1140